 b be m(0). Let t be ((-6)/4 + b)*336. Calculate the highest common divisor of t and 24.
24
Let k(h) = h**3 + 9*h**2 + 8*h - 10. Let g be k(-7). What is the greatest common divisor of g and 16?
16
Suppose 40 = 4*n - 5*r, -n + r - 1 = -2*n. Let l be (-648)/(-14) + (-12)/42. Suppose 151 = n*x + l. Calculate the greatest common factor of 231 and x.
21
Let d = 12 - -30. Calculate the highest common factor of d and 6.
6
Suppose -3*k = 2*k - 90. What is the highest common factor of k and 90?
18
Suppose b + 2*d = 26, -2*d = 2*b + 3*d - 47. Calculate the highest common factor of b and 12.
12
Let s be -2 - (-13 + 0 + 2). Suppose -2*a + 12 = 2*a. What is the greatest common divisor of s and a?
3
Suppose 3*y - x + 5*x = 372, 0 = -x. Let z = y + -82. What is the greatest common factor of z and 6?
6
Let o(p) = -3 - 3*p + 7*p + p. Let y be o(5). What is the greatest common divisor of 11 and y?
11
Suppose 836 = 5*p - 4*q - 0*q, 0 = -p - 3*q + 171. Suppose -2*d = -0*d - p. What is the greatest common factor of 21 and d?
21
Let q(j) = -j**2 - 2*j - 2. Let g be q(-2). Let c = 16 - g. What is the highest common factor of c and 18?
18
Let w = 155 - 99. Suppose 3*u + w = 152. Let j(y) = y**3 - 9*y**2 + 4. Let n be j(9). What is the highest common factor of u and n?
4
Suppose 0 = -3*y + 2*y + 65. Suppose 3*g - 78 = 2*g. Suppose 0*c + 3*c = g. What is the greatest common divisor of c and y?
13
Suppose -10*i = -12*i + 20. What is the highest common divisor of i and 20?
10
Let q(d) = -5*d - 1. Let v be q(-4). What is the greatest common factor of v and 152?
19
Suppose z - 2*i = -4*i + 24, -2*z - 2*i = -42. Suppose 5*q - 5 = 95. Suppose -q - 10 = -5*w + 2*o, 3*o = 0. What is the highest common divisor of w and z?
6
Suppose -3*y = -2*y. Let m(d) = 2*d**3 - d**2 + d. Let g be m(1). Suppose -g*x + 35 - 13 = y. Calculate the highest common factor of x and 33.
11
Suppose 5*o = -25, d - 42 = -2*o - o. What is the highest common factor of 38 and d?
19
Let n = -5 + 7. Suppose 0 = n*w - 13 - 19. Calculate the greatest common divisor of 40 and w.
8
Suppose 0 = n - 3*n + 96. Let f(p) = -p**3 + 6*p**2 + 2*p - 3. Let r be f(5). Calculate the greatest common factor of n and r.
16
Let u = 79 + -52. Calculate the greatest common divisor of 27 and u.
27
Suppose -2*z + 3*q + 24 = -q, -15 = -3*q. Calculate the greatest common divisor of 55 and z.
11
Let d be (-3 + 9)/3 + -4 - -30. Let k = -2 - -6. What is the highest common divisor of k and d?
4
Let u(k) = 22*k**2 + 1. Let a be u(1). What is the highest common divisor of a and 46?
23
Let v = 3 - -2. Let j be 1708/10 - (-1)/v. What is the highest common divisor of 19 and j?
19
Let s be (-2)/(-4) + (-3)/6. Let d(r) = s*r**3 - 2*r**2 + 2*r - 1 + r**3 + 2. Let m be d(3). What is the greatest common factor of 176 and m?
16
Let z be (-8 + 2)/(3/(-12)). Let v = z - 14. Calculate the highest common factor of v and 110.
10
Let f(k) = k + 6. Let r be f(-3). Suppose 2*x = -4, -r*w - x = -w - 20. Calculate the highest common factor of 99 and w.
11
Let p(i) = -3*i - 17. Let j be p(-6). What is the greatest common divisor of 3 and j?
1
Let o = 11 + -7. Suppose -o*b + 5 = b. Suppose 17 = -4*t + 25. Calculate the highest common divisor of t and b.
1
Let f(g) = -14*g**3. Let s be f(-1). Let v = 0 + 28. Calculate the greatest common factor of s and v.
14
Suppose 4*q + 7 = 3*h + 3*q, 0 = -2*h - 2*q - 6. Let o(c) = c**3 + 9*c**2 + 16*c - 3. Let k be o(-6). Calculate the highest common factor of h and k.
1
Suppose -2*b + 3*m = 12 - 33, 5*b + 10 = -5*m. Suppose -35 = 6*v - 143. What is the highest common divisor of v and b?
3
Let f = -7 + 11. Suppose -46 = -2*h - f. What is the greatest common divisor of 189 and h?
21
Let s(k) be the second derivative of 1/12*k**4 - 2*k + 0 - 1/2*k**2 - 1/2*k**3. Let j be s(5). Calculate the greatest common factor of j and 27.
9
Let p = -51 - -75. What is the greatest common divisor of p and 12?
12
Let y be ((-92)/(-8))/((-6)/(-36)). Calculate the highest common divisor of y and 621.
69
Let h(g) = -g**3 + 7*g**2 - 8*g + 5. Let n be h(6). Let v(i) = 2*i - 7. Let b be v(6). Let k = b - n. What is the highest common divisor of 24 and k?
12
Suppose -3*u = u + 4. Let p be (-4)/3*(-9)/6. Let r be (-67 + (p - 1))*u. What is the highest common divisor of 6 and r?
6
Suppose -2*a + 3*k = -2*k - 417, a = k + 210. Suppose 0 = -4*t + a + 669. Calculate the highest common factor of 20 and t.
20
Suppose 35*i = 31*i + 48. Let t(f) = -f**3 + 7*f**2 + 2*f - 2. Let d be t(7). What is the greatest common factor of d and i?
12
Let k = 56 + 112. Calculate the highest common factor of 24 and k.
24
Let y(c) = 3*c**2 - 4*c - 1. Let d = 6 - 10. Let v be y(d). Suppose 0 = -t - 3 + 12. What is the highest common factor of t and v?
9
Let z(h) = h**2 + h. Suppose 0 = 5*r - l - 5 + 1, r + 2*l + 8 = 0. Let t be z(r). Let q = 7 - t. What is the greatest common factor of 63 and q?
7
Suppose z - o - 19 = -z, 4*z = -4*o + 32. Calculate the highest common factor of z and 1.
1
Let n(c) = c**2 - 5*c - 4. Let j be n(7). Let s(q) = q**3 + 7*q**2 + 6*q. Let m be s(-5). What is the highest common divisor of m and j?
10
Let f = 169 + -124. Let s = 6 - 1. Calculate the highest common factor of s and f.
5
Suppose 0 = h - 5, -2*a + 19 = 4*h - h. Suppose 3*c + a*c = 0. Let w be 2/4*(8 + c). What is the greatest common divisor of 28 and w?
4
Let l be -2 - (4 - (3 - -13)). Calculate the greatest common factor of 4 and l.
2
Let v be 0/3 + (-7 + 4 - -42). Calculate the highest common factor of 26 and v.
13
Let c(q) = 56*q + 2. Let a be c(-2). Let d be (-2)/3 + a/(-3). Let y = 0 + 9. What is the highest common factor of d and y?
9
Let y be (1 + (1 - 1))*290. Calculate the highest common factor of y and 29.
29
Suppose 2*x - n = 8, -4*x - 2*n = 3*n - 44. Let o be 74 - (3 - x/1). What is the highest common divisor of o and 7?
7
Suppose 183 = 3*h + 3*o + 24, -h + 2*o + 47 = 0. Suppose 3*v = 5*q - 73, -q - 4*v + 101 = 4*q. Calculate the highest common factor of h and q.
17
Let y = 1 - 2. Let k be (-4 + 2)*y - -31. Calculate the greatest common divisor of k and 3.
3
Let j(g) = -g**3 - 7*g**2 - 4*g + 3. Let m be j(-6). Let b be (3/m)/((-1)/(-3)). Let v be 1095/10 + b/(-2). What is the highest common divisor of v and 10?
10
Let i be ((-18)/12)/(3/(-28)). Let q be 180/63*i/4. Calculate the greatest common factor of 20 and q.
10
Suppose -k + 6*k - 150 = 0. What is the highest common divisor of 210 and k?
30
Let h = -181 - -306. Calculate the greatest common factor of h and 25.
25
Let l be 3 + (-4 - -3) - -13. Calculate the greatest common factor of l and 6.
3
Let w = 37 + -16. What is the greatest common divisor of w and 14?
7
Let x = 368 + -225. What is the greatest common divisor of 13 and x?
13
Suppose -1 - 7 = -2*w. Suppose 4*m = -8, w*n - 4*m = 3*n + 9. Suppose n = -5*b + 106. Calculate the highest common divisor of 3 and b.
3
Suppose 2*h + 13 = 31. Let t be (-428)/(-6) - (-4)/6. Calculate the highest common divisor of h and t.
9
Let u(g) = -g**2 - 15*g - 6. Let i be u(-13). What is the highest common divisor of i and 30?
10
Let r be (3 - 5)/((-3)/21). What is the highest common divisor of r and 21?
7
Let t(s) = s**3 + 7*s**2 + 8. Let r(g) = -4*g**2 + 0 - 2*g**2 - 1. Let l be r(-1). Let i be t(l). Calculate the greatest common factor of 2 and i.
2
Suppose 3 + 17 = 5*j. Suppose 2*n + r - 206 = -r, 0 = -3*n - j*r + 314. Calculate the highest common factor of 14 and n.
14
Let x = 43 - 8. Calculate the greatest common factor of 14 and x.
7
Let t(o) = o**3 + o**2 + 3*o - 12. Let i be t(4). What is the highest common factor of 5 and i?
5
Suppose 2*x = x - 54. Let z = -33 - x. Calculate the highest common divisor of 105 and z.
21
Suppose 2*d = -0*d. Suppose d = -m - m + w + 7, -2*w = 10. Let p = m - -6. Calculate the greatest common factor of 56 and p.
7
Suppose -2*r + 24 = 2*r. Suppose -18*n = -23*n + 30. Calculate the greatest common divisor of n and r.
6
Let n = 29 + -15. Suppose 0 = k + k - n. What is the highest common factor of 7 and k?
7
Let x = 92 - 2. Calculate the greatest common divisor of 36 and x.
18
Let n be ((-10)/(-3))/((-2)/(-12)). Let d = 9 + -4. Suppose -2*f = -d*t + 4*t + 10, -3*t - 3*f = -3. Calculate the highest common divisor of t and n.
4
Suppose x = 2*p + 5, 4